{"id":3917,"date":"2018-02-18T22:39:48","date_gmt":"2018-02-18T21:39:48","guid":{"rendered":"http:\/\/jhso.cz\/?page_id=3917"},"modified":"2018-02-18T22:47:22","modified_gmt":"2018-02-18T21:47:22","slug":"kristina-salsova-stanclova","status":"publish","type":"page","link":"https:\/\/jhso.cz\/?page_id=3917","title":{"rendered":"Kristina \u0160al\u0161ov\u00e1 \u0160tanclov\u00e1"},"content":{"rendered":"<p>Kris\u00adti\u00adna \u0160al\u00ad\u0161o\u00adv\u00e1 \u0160tanclo\u00adv\u00e1 (*1988) vystu\u00addo\u00adva\u00adla hru na hoboj na Pra\u017e\u00adsk\u00e9 kon\u00adzer\u00adva\u00adto\u00ad\u0159i ve t\u0159\u00ed\u00add\u011b Fran\u00adti\u0161\u00adka Xave\u00adra Thu\u00adri\u00adho a&nbsp;Jana Thu\u00adri\u00adho. Z\u00fa\u010dast\u00adni\u00adla se \u0159ady mis\u00adtrov\u00adsk\u00fdch kur\u00adz\u016f v&nbsp;\u010ces\u00adk\u00e9 repub\u00adli\u00adce, N\u011bmec\u00adku a&nbsp;It\u00e1\u00adlii u&nbsp;Jean-Loui\u00adse Capez\u00adza\u00adli\u00adho, Jer\u00f4\u00adma Gui\u00adchar\u00adda, Tho\u00adma\u00adse Inder\u00adm\u00fchle\u00adho a&nbsp;Fra\u00adn\u00e7o\u00adi\u00adse Lele\u00adux. Absol\u00advo\u00adva\u00adla tak\u00e9 kur\u00adzy barok\u00adn\u00ed\u00adho hobo\u00adje na Mezi\u00adn\u00e1\u00adrod\u00adn\u00ed let\u00adn\u00ed \u0161ko\u00adle sta\u00adr\u00e9 hud\u00adby ve Valtic\u00edch.<\/p>\n<p>&nbsp;&nbsp;&nbsp;&nbsp;&nbsp;&nbsp;&nbsp;&nbsp; Diri\u00adgo\u00adv\u00e1\u00adn\u00ed stu\u00addo\u00adva\u00adla nej\u00adpr\u00adve na Pra\u017e\u00adsk\u00e9 kon\u00adzer\u00adva\u00adto\u00ad\u0159i (Hynek Far\u00adka\u010d, Miri\u00adam N\u011bm\u00adco\u00adv\u00e1, Milo\u00adslav Ko\u0161ler) a&nbsp;od roku 2013 ten\u00adto obor stu\u00addu\u00adje na Hudeb\u00adn\u00ed fakul\u00adt\u011b <span class=\"caps\">AMU<\/span> (doc.Tom\u00e1\u0161 Kout\u00adn\u00edk, odb.as.Hynek Far\u00adka\u010d, Prof.Ji\u0159\u00ed Chv\u00e1\u00adla, odb.as.Franti\u0161ek Babic\u00adk\u00fd). V&nbsp;letech 2010\u20132015 byla t\u00e9\u017e stu\u00addent\u00adkou obo\u00adru Hudeb\u00adn\u00ed re\u017eie (Prof.Jaroslav Smol\u00adka, Prof.Jaroslav Ryb\u00e1\u0159)<\/p>\n<p>&nbsp;&nbsp;&nbsp;&nbsp;&nbsp;&nbsp;&nbsp;&nbsp; Jako diri\u00adgent\u00adka nej\u00adpr\u00adve spo\u00adlu\u00adpra\u00adco\u00adva\u00adla s&nbsp;orchestrem \u0160ar\u00adbi\u00adlach. Poz\u00add\u011b\u00adji pak s&nbsp;Komor\u00adn\u00edm orchestrem Pav\u00adla Haa\u00adse debu\u00adto\u00adva\u00adla v&nbsp;r\u00e1m\u00adci pro\u00adjek\u00adtu Young Czech Talents. V&nbsp;letech 2012\u20132013 byla diri\u00adgent\u00adkou Kol\u00edn\u00adsk\u00e9 filhar\u00admo\u00adnie. Na 20. ro\u010d\u00adn\u00ed\u00adku advent\u00adn\u00ed\u00adho kon\u00adcer\u00adtu Har\u00admo\u00adnie diri\u00adgo\u00adva\u00adla \u010ces\u00adk\u00fd n\u00e1rod\u00adn\u00ed sym\u00adfo\u00adnic\u00adk\u00fd orchestr, kde mimo jin\u00e9 spo\u00adlu\u00adpra\u00adco\u00adva\u00adla se sv\u011b\u00adtozn\u00e1\u00adm\u00fdm teno\u00adris\u00adtou Pete\u00adrem Dvor\u00adsk\u00fdm. Diri\u00adgo\u00adva\u00adla tak\u00e9 Tali\u00adcho\u00advu komor\u00adn\u00ed filhar\u00admo\u00adnii. B\u011bhem stu\u00addi\u00ed na <span class=\"caps\">HAMU<\/span> d\u00e1le spo\u00adlu\u00adpra\u00adco\u00adva\u00adla s&nbsp;Plze\u0148\u00adskou filhar\u00admo\u00adni\u00ed a&nbsp;Aka\u00adde\u00admic\u00adk\u00fd\u00admi komor\u00adn\u00ed\u00admi s\u00f3lis\u00adty. V&nbsp;oper\u00adn\u00edm stu\u00addiu <span class=\"caps\">HAMU<\/span> nastu\u00addo\u00adva\u00adla n\u011bko\u00adlik oper\u00adn\u00edch insce\u00adna\u00adc\u00ed. Jako sbor\u00admis\u00adtry\u00adn\u011b tak\u00e9 pra\u00advi\u00addel\u00adn\u011b spo\u00adlu\u00adpra\u00adcu\u00adje s&nbsp;Komor\u00adn\u00edm sm\u00ed\u00ad\u0161e\u00adn\u00fdm p\u011bvec\u00adk\u00fdm sbo\u00adrem Rosa a&nbsp;p\u011bvec\u00adk\u00fdm sbo\u00adrem En&nbsp;Arch\u00e9.<\/p>\n","protected":false},"excerpt":{"rendered":"<p>Kris\u00adti\u00adna \u0160al\u00ad\u0161o\u00adv\u00e1 \u0160tanclo\u00adv\u00e1 (*1988) vystu\u00addo\u00adva\u00adla hru na hoboj na Pra\u017e\u00adsk\u00e9 kon\u00adzer\u00adva\u00adto\u00ad\u0159i ve t\u0159\u00ed\u00add\u011b Fran\u00adti\u0161\u00adka Xave\u00adra Thu\u00adri\u00adho a&nbsp;Jana Thu\u00adri\u00adho. Z\u00fa\u010dast\u00adni\u00adla se \u0159ady mis\u00adtrov\u00adsk\u00fdch kur\u00adz\u016f v&nbsp;\u010ces\u00adk\u00e9 repub\u00adli\u00adce, N\u011bmec\u00adku a&nbsp;It\u00e1\u00adlii u&nbsp;Jean-Lou\u00adi\u00ad\u00adse Capez\u00adza\u00adli\u00adho, Jer\u00f4\u00adma Gui\u00adchar\u00adda, Tho\u00adma\u00adse Inder\u00adm\u00fchle\u00adho a&nbsp;Fra\u00adn\u00e7o\u00adi\u00adse Lele\u00adux. Absol\u00advo\u00adva\u00adla tak\u00e9 kur\u00adzy barok\u00adn\u00ed\u00adho hobo\u00adje <a class=\"more-link\" href=\"https:\/\/jhso.cz\/?page_id=3917\">Con\u00adti\u00adnue rea\u00adding <span class=\"meta-nav\">\u2192<\/span><\/a><\/p>\n","protected":false},"author":3,"featured_media":3924,"parent":15,"menu_order":21,"comment_status":"closed","ping_status":"closed","template":"","meta":{"wp_typography_post_enhancements_disabled":false,"ngg_post_thumbnail":0,"footnotes":""},"tags":[],"_links":{"self":[{"href":"https:\/\/jhso.cz\/index.php?rest_route=\/wp\/v2\/pages\/3917"}],"collection":[{"href":"https:\/\/jhso.cz\/index.php?rest_route=\/wp\/v2\/pages"}],"about":[{"href":"https:\/\/jhso.cz\/index.php?rest_route=\/wp\/v2\/types\/page"}],"author":[{"embeddable":true,"href":"https:\/\/jhso.cz\/index.php?rest_route=\/wp\/v2\/users\/3"}],"replies":[{"embeddable":true,"href":"https:\/\/jhso.cz\/index.php?rest_route=%2Fwp%2Fv2%2Fcomments&post=3917"}],"version-history":[{"count":1,"href":"https:\/\/jhso.cz\/index.php?rest_route=\/wp\/v2\/pages\/3917\/revisions"}],"predecessor-version":[{"id":3926,"href":"https:\/\/jhso.cz\/index.php?rest_route=\/wp\/v2\/pages\/3917\/revisions\/3926"}],"up":[{"embeddable":true,"href":"https:\/\/jhso.cz\/index.php?rest_route=\/wp\/v2\/pages\/15"}],"wp:featuredmedia":[{"embeddable":true,"href":"https:\/\/jhso.cz\/index.php?rest_route=\/wp\/v2\/media\/3924"}],"wp:attachment":[{"href":"https:\/\/jhso.cz\/index.php?rest_route=%2Fwp%2Fv2%2Fmedia&parent=3917"}],"wp:term":[{"taxonomy":"post_tag","embeddable":true,"href":"https:\/\/jhso.cz\/index.php?rest_route=%2Fwp%2Fv2%2Ftags&post=3917"}],"curies":[{"name":"wp","href":"https:\/\/api.w.org\/{rel}","templated":true}]}}