{"id":5431,"date":"2021-11-14T13:51:45","date_gmt":"2021-11-14T12:51:45","guid":{"rendered":"https:\/\/jhso.cz\/?page_id=5431"},"modified":"2021-11-14T20:16:45","modified_gmt":"2021-11-14T19:16:45","slug":"adventni-koncert","status":"publish","type":"page","link":"https:\/\/jhso.cz\/?page_id=5431","title":{"rendered":"Adventn\u00ed koncert"},"content":{"rendered":"","protected":false},"excerpt":{"rendered":"<p>12. pro\u00adsin\u00adce&nbsp;2021<br>\n19:00&nbsp;hodin<br>\nkap\u00adle sv. Ma\u0159\u00ed Magdal\u00e9ny<br>\nJin\u00add\u0159i\u00adch\u016fv Hradec<\/p>\n<p>diri\u00adgent: Tom\u00e1\u0161&nbsp;Petr\u016f<br>\ns\u00f3list\u00adky: Nelly Helclov\u00e1<br>\nIva\u00adna Bare\u00ad\u0161o\u00adv\u00e1 a&nbsp;Anna Petr\u016f<br>\npro\u00adgram: J. S. Bach, A. Vival\u00addi, Roman Haas, A. V. Mich\u00adna z&nbsp;Otradovic<\/p>\n<p>vstup\u00adn\u00e9&nbsp;150,-&nbsp;<\/p>\n<p>p\u0159ed\u00adpro\u00addej od 11.&nbsp;\u0159\u00edjna<br>\nv&nbsp;pro\u00addej\u00adn\u011b Bylin\u00adky Zuza\u00adna Ko\u0159\u00edn\u00adko\u00adv\u00e1, N\u00e1m. M\u00edru 84, Jin\u00add\u0159. Hra\u00addec <a class=\"more-link\" href=\"https:\/\/jhso.cz\/?page_id=5431\">Con\u00adti\u00adnue rea\u00adding <span class=\"meta-nav\">\u2192<\/span><\/a><\/p>\n","protected":false},"author":3,"featured_media":5434,"parent":5404,"menu_order":10,"comment_status":"closed","ping_status":"closed","template":"archiv-template.php","meta":{"wp_typography_post_enhancements_disabled":false,"ngg_post_thumbnail":0,"footnotes":""},"tags":[],"_links":{"self":[{"href":"https:\/\/jhso.cz\/index.php?rest_route=\/wp\/v2\/pages\/5431"}],"collection":[{"href":"https:\/\/jhso.cz\/index.php?rest_route=\/wp\/v2\/pages"}],"about":[{"href":"https:\/\/jhso.cz\/index.php?rest_route=\/wp\/v2\/types\/page"}],"author":[{"embeddable":true,"href":"https:\/\/jhso.cz\/index.php?rest_route=\/wp\/v2\/users\/3"}],"replies":[{"embeddable":true,"href":"https:\/\/jhso.cz\/index.php?rest_route=%2Fwp%2Fv2%2Fcomments&post=5431"}],"version-history":[{"count":1,"href":"https:\/\/jhso.cz\/index.php?rest_route=\/wp\/v2\/pages\/5431\/revisions"}],"predecessor-version":[{"id":5433,"href":"https:\/\/jhso.cz\/index.php?rest_route=\/wp\/v2\/pages\/5431\/revisions\/5433"}],"up":[{"embeddable":true,"href":"https:\/\/jhso.cz\/index.php?rest_route=\/wp\/v2\/pages\/5404"}],"wp:featuredmedia":[{"embeddable":true,"href":"https:\/\/jhso.cz\/index.php?rest_route=\/wp\/v2\/media\/5434"}],"wp:attachment":[{"href":"https:\/\/jhso.cz\/index.php?rest_route=%2Fwp%2Fv2%2Fmedia&parent=5431"}],"wp:term":[{"taxonomy":"post_tag","embeddable":true,"href":"https:\/\/jhso.cz\/index.php?rest_route=%2Fwp%2Fv2%2Ftags&post=5431"}],"curies":[{"name":"wp","href":"https:\/\/api.w.org\/{rel}","templated":true}]}}