{"id":6566,"date":"2026-04-20T22:01:39","date_gmt":"2026-04-20T20:01:39","guid":{"rendered":"https:\/\/jhso.cz\/?page_id=6566"},"modified":"2026-04-20T22:05:15","modified_gmt":"2026-04-20T20:05:15","slug":"letni-koncert","status":"publish","type":"page","link":"https:\/\/jhso.cz\/?page_id=6566","title":{"rendered":"Letn\u00ed koncert"},"content":{"rendered":"","protected":false},"excerpt":{"rendered":"<p>Kon\u00adcert nejen fil\u00admo\u00adv\u00fdch melodi\u00ed<\/p>\n<p>14. 6. 2026 19.00<\/p>\n<p>Ryt\u00ed\u0159\u00adsk\u00fd&nbsp;s\u00e1l<br>\nSt\u00e1t\u00adn\u00ed hrad a&nbsp;z\u00e1mek<br>\nJin\u00add\u0159i\u00adch\u016fv Hradec<\/p>\n<p>diri\u00adgent:<br>\nTom\u00e1\u0161&nbsp;Petr\u016f<\/p>\n<p>vstup\u00adn\u00e9 200,-\/ d\u011bti do 15 let zdarma<\/p>\n<p>p\u0159ed\u00adpro\u00addej v&nbsp;<span class=\"caps\">KD<\/span> St\u0159el\u00adni\u00adce a&nbsp;onli\u00adne od 29. kv\u011bt\u00adna&nbsp;2026<br>\n <a class=\"more-link\" href=\"https:\/\/jhso.cz\/?page_id=6566\">Con\u00adti\u00adnue rea\u00adding <span class=\"meta-nav\">\u2192<\/span><\/a><\/p>\n","protected":false},"author":3,"featured_media":0,"parent":6556,"menu_order":2,"comment_status":"closed","ping_status":"closed","template":"archiv-template.php","meta":{"wp_typography_post_enhancements_disabled":false,"ngg_post_thumbnail":0,"footnotes":""},"tags":[],"_links":{"self":[{"href":"https:\/\/jhso.cz\/index.php?rest_route=\/wp\/v2\/pages\/6566"}],"collection":[{"href":"https:\/\/jhso.cz\/index.php?rest_route=\/wp\/v2\/pages"}],"about":[{"href":"https:\/\/jhso.cz\/index.php?rest_route=\/wp\/v2\/types\/page"}],"author":[{"embeddable":true,"href":"https:\/\/jhso.cz\/index.php?rest_route=\/wp\/v2\/users\/3"}],"replies":[{"embeddable":true,"href":"https:\/\/jhso.cz\/index.php?rest_route=%2Fwp%2Fv2%2Fcomments&post=6566"}],"version-history":[{"count":1,"href":"https:\/\/jhso.cz\/index.php?rest_route=\/wp\/v2\/pages\/6566\/revisions"}],"predecessor-version":[{"id":6568,"href":"https:\/\/jhso.cz\/index.php?rest_route=\/wp\/v2\/pages\/6566\/revisions\/6568"}],"up":[{"embeddable":true,"href":"https:\/\/jhso.cz\/index.php?rest_route=\/wp\/v2\/pages\/6556"}],"wp:attachment":[{"href":"https:\/\/jhso.cz\/index.php?rest_route=%2Fwp%2Fv2%2Fmedia&parent=6566"}],"wp:term":[{"taxonomy":"post_tag","embeddable":true,"href":"https:\/\/jhso.cz\/index.php?rest_route=%2Fwp%2Fv2%2Ftags&post=6566"}],"curies":[{"name":"wp","href":"https:\/\/api.w.org\/{rel}","templated":true}]}}